24.
424
What is the highest common divisor of 373737486 and 5814?
1938
What is the highest common divisor of 2562092 and 19140?
116
Calculate the greatest common divisor of 9394 and 452254.
1342
What is the greatest common divisor of 5360890 and 458?
458
What is the highest common factor of 1054475 and 85?
5
What is the highest common factor of 81247 and 309733?
113
What is the highest common factor of 4931329 and 91?
13
Calculate the highest common divisor of 411642 and 19239.
363
What is the highest common factor of 2 and 21318600?
2
What is the greatest common divisor of 450 and 3471300?
450
Calculate the greatest common divisor of 20766969 and 27.
27
Calculate the greatest common factor of 294 and 12316934.
98
What is the highest common divisor of 2991 and 6252?
3
Calculate the greatest common divisor of 20477092 and 30.
2
Calculate the greatest common divisor of 2072 and 464582804.
1036
Calculate the greatest common factor of 9259384 and 3192.
152
What is the highest common divisor of 5845 and 29399181?
1169
Calculate the highest common factor of 462521630 and 26178.
8726
Calculate the highest common factor of 13932841 and 187889.
1937
What is the highest common factor of 3516 and 28932?
12
Calculate the greatest common factor of 6087609 and 54.
27
Calculate the highest common divisor of 122202 and 180792.
1674
What is the greatest common divisor of 29868 and 294988944?
1572
Calculate the greatest common divisor of 317946 and 155002.
38
Calculate the highest common divisor of 4 and 44309972.
4
What is the greatest common divisor of 17885939 and 1954?
977
What is the greatest common factor of 2438505 and 50301?
2187
What is the highest common divisor of 3679236 and 84?
12
What is the greatest common divisor of 159 and 149121277?
53
Calculate the greatest common divisor of 35088048 and 10564.
556
What is the greatest common factor of 234 and 3692130?
78
What is the highest common factor of 26003405 and 15?
5
Calculate the highest common factor of 84917 and 23226.
49
What is the highest common divisor of 1743366 and 888?
222
What is the greatest common divisor of 2499 and 910809?
51
What is the highest common factor of 8092 and 59528?
28
What is the highest common divisor of 18647731 and 2828?
101
Calculate the greatest common divisor of 129896 and 10088.
104
Calculate the highest common factor of 117 and 7744789.
13
Calculate the greatest common divisor of 2206964 and 25358.
818
Calculate the greatest common divisor of 22513 and 320493.
47
Calculate the greatest common factor of 6612 and 8740.
76
What is the highest common factor of 2762980 and 1760?
220
Calculate the highest common divisor of 11438 and 1494422.
86
Calculate the highest common factor of 4562 and 751653368.
4562
What is the highest common divisor of 83805705 and 420?
15
Calculate the highest common divisor of 688972 and 8.
4
What is the highest common factor of 618 and 173886?
6
Calculate the greatest common factor of 672 and 1230760944.
336
Calculate the highest common divisor of 820228539 and 1157.
1157
What is the greatest common divisor of 1104 and 80175936?
48
Calculate the greatest common factor of 33 and 70592805.
3
Calculate the highest common factor of 757 and 74622032.
757
What is the highest common factor of 243874314 and 3321?
3321
What is the greatest common divisor of 320452797 and 9114?
4557
What is the greatest common divisor of 3011331 and 522?
87
What is the highest common factor of 3573 and 11961?
9
What is the highest common factor of 5916 and 646584?
348
Calculate the highest common divisor of 27843 and 2027.
1
What is the greatest common factor of 12753 and 175094439?
4251
What is the greatest common divisor of 382180 and 27890?
10
What is the greatest common factor of 2214 and 23499072?
54
What is the highest common divisor of 20886480 and 432?
144
What is the greatest common factor of 56 and 45219076?
28
What is the greatest common divisor of 88056785 and 5?
5
What is the highest common factor of 419 and 58036109?
419
What is the highest common factor of 2160 and 11549295?
45
Calculate the highest common divisor of 205 and 8354180.
5
Calculate the greatest common factor of 175 and 73634463.
7
What is the highest common factor of 26 and 22536865?
13
What is the greatest common divisor of 4427564 and 12?
4
Calculate the greatest common factor of 2758 and 149250549.
1379
What is the greatest common factor of 112596 and 700?
4
What is the greatest common factor of 4449990 and 3876?
114
What is the highest common divisor of 84172923 and 72?
9
Calculate the highest common factor of 14564109 and 57.
3
Calculate the greatest common divisor of 109714 and 4422.
22
Calculate the greatest common factor of 760771 and 2292295.
713
What is the greatest common factor of 7098 and 270207?
21
Calculate the greatest common factor of 627998 and 279.
31
Calculate the highest common divisor of 12975481 and 22544.
1409
What is the greatest common factor of 8839098 and 83986?
1714
What is the greatest common divisor of 699996 and 324?
12
What is the greatest common divisor of 56995450 and 150?
50
Calculate the greatest common factor of 1752 and 527060.
292
What is the greatest common divisor of 210 and 3619880670?
210
Calculate the highest common divisor of 2049168744 and 7932.
7932
What is the greatest common factor of 14457 and 45822765?
237
What is the greatest common factor of 37218614 and 1866?
622
What is the highest common factor of 150 and 65935950?
150
What is the greatest common factor of 30268480 and 4?
4
What is the highest common divisor of 2340154944 and 64?
64
What is the highest common factor of 5597353 and 9890?
43
Calculate the greatest common factor of 1356714 and 3762.
342
What is the highest common divisor of 13637106 and 258?
258
What is the highest common divisor of 8292 and 7441836?
12
Calculate the highest common factor of 11663325 and 1078920.
4995
What is the greatest common divisor of 2908 and 248335930?
1454
Calculate the highest common factor of 623813 and 11191.
31
Calculate the highest common divisor of 8315202 and 3234.
294
What is the highest common divisor of 385 and 886585?
35
What is the greatest common factor of 89265 and 131340?
165
Calculate the highest common factor of 18328 and 2102036.
116
Calculate the greatest common divisor of 83184850 and 7350.
2450
Calculate the greatest common factor of 85707 and 3958542.
801
What is the highest common divisor of 269753 and 2004442?
1969
What is the highest common divisor of 2022657 and 38688?
1209
Calculate the highest common factor of 12923134 and 25886.
602
Calculate the highest common divisor of 54585590 and 360.
10
Calculate the highest common divisor of 1425931 and 559.
13
Calculate the greatest common divisor of 786006 and 4329.
117
What is the highest common factor of 4087 and 20574561?
67
Calculate the greatest common factor of 186 and 460554.
6
Calculate the greatest common factor of 897625 and 351535.
835
What is the greatest common factor of 51 and 38339403?
51
What is the highest common factor of 3190 and 1994620?
290
Calculate the highest common divisor of 38407608 and 1104.
552
What is the greatest common divisor of 948 and 228429132?
948
What is the greatest common factor of 63168 and 76422?
282
Calculate the highest common factor of 100 and 15625.
25
What is the highest common factor of 38 and 29548382?
38
What is the greatest common factor of 286 and 126148?
22
What is the highest common divisor of 922 and 2146253728?
922
Calculate the highest common divisor of 276 and 15825324.
12
Calculate the greatest common divisor of 2432 and 2914999.
19
Calculate the greatest common factor of 75 and 14955595.
5
What is the greatest common divisor of 1047584 and 567872?
608
Calculate the highest common factor of 1716525 and 12.
3
What is the highest common divisor of 111 and 410965364?
37
What is the highest common divisor of 825887 and 757?
757
What is the greatest common factor of 2421862 and 1182408?
5186
What is the greatest common factor of 1514 and 405371986?
1514
What is the greatest common factor of 22890 and 9929355?
1635
Calculate the highest common factor of 710 and 408010.
10
Calculate the highest common divisor of 9800 and 26999560.
280
Calculate the highest common facto